{"id":907,"date":"2021-11-27T08:59:32","date_gmt":"2021-11-27T08:59:32","guid":{"rendered":"http:\/\/tierarztpraxis-sonntag-trebbin.de\/?page_id=907"},"modified":"2026-04-30T11:18:34","modified_gmt":"2026-04-30T11:18:34","slug":"startseite","status":"publish","type":"page","link":"http:\/\/tierarztpraxis-sonntag-trebbin.de\/Home\/startseite\/","title":{"rendered":"Startseite"},"content":{"rendered":"\n<div class=\"wp-block-cover alignfull is-light\" style=\"min-height:100vh;aspect-ratio:unset;\"><img loading=\"lazy\" decoding=\"async\" width=\"2560\" height=\"1512\" class=\"wp-block-cover__image-background wp-image-1121\" alt=\"\" src=\"http:\/\/tierarztpraxis-sonntag-trebbin.de\/wp-content\/uploads\/2021\/11\/tierarztpraxissonntag-scaled.jpg\" style=\"object-position:50% 60%\" data-object-fit=\"cover\" data-object-position=\"50% 60%\" srcset=\"http:\/\/tierarztpraxis-sonntag-trebbin.de\/wp-content\/uploads\/2021\/11\/tierarztpraxissonntag-scaled.jpg 2560w, http:\/\/tierarztpraxis-sonntag-trebbin.de\/wp-content\/uploads\/2021\/11\/tierarztpraxissonntag-300x177.jpg 300w, http:\/\/tierarztpraxis-sonntag-trebbin.de\/wp-content\/uploads\/2021\/11\/tierarztpraxissonntag-1024x605.jpg 1024w, http:\/\/tierarztpraxis-sonntag-trebbin.de\/wp-content\/uploads\/2021\/11\/tierarztpraxissonntag-768x454.jpg 768w, http:\/\/tierarztpraxis-sonntag-trebbin.de\/wp-content\/uploads\/2021\/11\/tierarztpraxissonntag-1536x907.jpg 1536w, http:\/\/tierarztpraxis-sonntag-trebbin.de\/wp-content\/uploads\/2021\/11\/tierarztpraxissonntag-2048x1210.jpg 2048w, http:\/\/tierarztpraxis-sonntag-trebbin.de\/wp-content\/uploads\/2021\/11\/tierarztpraxissonntag-1568x926.jpg 1568w\" sizes=\"auto, (max-width: 2560px) 100vw, 2560px\" \/><span aria-hidden=\"true\" class=\"wp-block-cover__background has-background-dim-40 has-background-dim\" style=\"background-color:#33001b\"><\/span><div class=\"wp-block-cover__inner-container is-layout-flow wp-block-cover-is-layout-flow\">\n<h6 class=\"wp-block-heading has-text-align-center\" id=\"tierarztpraxis-antje-sonntag\">TIERARZTPRAXIS ANTJE SONNTAG<\/h6>\n\n\n<p class=\"fonts-plugin-block \" style=\"font-family: PT Serif;font-size: 52px;line-height: 1;text-align: center\">Herzlich willkommen!<\/p>\n\n\n<div style=\"height:20px\" aria-hidden=\"true\" class=\"wp-block-spacer\"><\/div>\n\n\n<p class=\"fonts-plugin-block \" style=\"font-size: 18px;line-height: 1.5;text-align: center\"><br><strong>Ihre Sorgen sind unsere Herausforderungen!<\/strong><br>Rufen Sie uns an und vereinbaren  einen Termin!<\/p><\/div><\/div>\n\n\n\n<div class=\"wp-block-cover alignfull\" style=\"min-height:20px;aspect-ratio:unset;\"><span aria-hidden=\"true\" class=\"wp-block-cover__background has-background-dim-100 has-background-dim\" style=\"background-color:#b10061\"><\/span><div class=\"wp-block-cover__inner-container is-layout-flow wp-block-cover-is-layout-flow\"><p class=\"fonts-plugin-block \" style=\"font-family: PT Serif;font-weight: 400;font-size: 45px;line-height: 1;text-align: center;color: #FFFFFF\">Aktuelle Meldungen<\/p>\n\n\n<p class=\"has-text-align-center\"><strong>Gern nehme ich mir ausreichend Zeit, um Ihr Tier gr\u00fcndlich zu untersuchen und zu behandeln. Um dies zu gew\u00e4hrleisten und f\u00fcr Sie und Ihr Tier unn\u00f6tige Wartezeiten zu vermeiden, vereinbaren Sie bitte vorher telefonisch einen Termin. DANKE<\/strong><\/p>\n\n\n\n<p class=\"has-text-align-center\"><strong>Am Do, den 30.04.2026 k\u00f6nnen Terminvereinbarungen und Behandlungen, aus gesundheitlichen Gr\u00fcnden, nur bis 17:00 Uhr stattfinden. Herzlichen Dank f\u00fcr Ihr Verst\u00e4ndnis!<\/strong><\/p>\n\n\n\n<p class=\"has-text-align-center has-small-font-size\"><strong>Leider muss am Fr, den 08.05.2026 die Sprechstunde entfallen. <\/strong> <strong>In dringenden F\u00e4llen rufen Sie mich bitte an!<\/strong><\/p>\n\n\n\n<p class=\"has-text-align-center has-small-font-size\"><\/p>\n<\/div><\/div>\n\n\n\n<div style=\"height:80px\" aria-hidden=\"true\" class=\"wp-block-spacer\"><\/div>\n\n\n<p class=\"fonts-plugin-block \" style=\"font-family: PT Serif;font-weight: 400;font-size: 45px;line-height: 1;text-align: center;color: #000000\">Unsere Leistungen<\/p>\n\n\n<div style=\"height:10px\" aria-hidden=\"true\" class=\"wp-block-spacer\"><\/div>\n\n\n\n<p class=\"has-text-align-center has-extra-large-font-size\"><\/p>\n\n\n\n<div class=\"wp-block-cover alignfull is-light\"><span aria-hidden=\"true\" class=\"wp-block-cover__background has-white-background-color has-background-dim-100 has-background-dim\"><\/span><div class=\"wp-block-cover__inner-container is-layout-flow wp-block-cover-is-layout-flow\">\n<div class=\"wp-block-columns alignfull is-layout-flex wp-container-core-columns-is-layout-9d6595d7 wp-block-columns-is-layout-flex\">\n<div class=\"wp-block-column has-black-color has-text-color is-layout-flow wp-block-column-is-layout-flow\" style=\"padding-top:0px;padding-right:0px;padding-bottom:0px;padding-left:0px\"><div class=\"wp-block-image\">\n<figure class=\"aligncenter size-full is-resized\"><img loading=\"lazy\" decoding=\"async\" width=\"662\" height=\"691\" src=\"http:\/\/tierarztpraxis-sonntag-trebbin.de\/wp-content\/uploads\/2022\/01\/icon-diagnose.png\" alt=\"\" class=\"wp-image-1173\" style=\"width:150px;height:undefinedpx\" srcset=\"http:\/\/tierarztpraxis-sonntag-trebbin.de\/wp-content\/uploads\/2022\/01\/icon-diagnose.png 662w, http:\/\/tierarztpraxis-sonntag-trebbin.de\/wp-content\/uploads\/2022\/01\/icon-diagnose-287x300.png 287w\" sizes=\"auto, (max-width: 662px) 100vw, 662px\" \/><\/figure>\n<\/div>\n\n\n<p class=\"has-text-align-center\" style=\"font-size:14px;line-height:0\"><strong><span style=\"color:#b10061\" class=\"has-inline-color\">D I A G N O S T I K<\/span><\/strong><\/p>\n\n\n<p class=\"fonts-plugin-block \" style=\"font-size: 18px;color: #000000\">Mit unserer qualifizierten Fachkompetenz k\u00f6nnen wir Ihrem Lieblingstier helfen. Ob Untersuchungen auf verschiedenste Krankheitserreger oder wichtige Vorsorgechecks \u2013 Ihr Tier ist hier in besten H\u00e4nden! Neben R\u00f6ntgenuntersuchungen  k\u00f6nnen wir in unserem hauseigenen Labor diverse Analysen und mikroskopische Proben erstellen.<\/p><\/div>\n\n\n\n<div class=\"wp-block-column is-layout-flow wp-block-column-is-layout-flow\"><div class=\"wp-block-image\">\n<figure class=\"aligncenter size-full is-resized\"><img loading=\"lazy\" decoding=\"async\" width=\"662\" height=\"691\" src=\"http:\/\/tierarztpraxis-sonntag-trebbin.de\/wp-content\/uploads\/2021\/11\/therapie.png\" alt=\"Bild Spritze und Mediakmente\" class=\"wp-image-961\" style=\"width:150px;height:158px\" srcset=\"http:\/\/tierarztpraxis-sonntag-trebbin.de\/wp-content\/uploads\/2021\/11\/therapie.png 662w, http:\/\/tierarztpraxis-sonntag-trebbin.de\/wp-content\/uploads\/2021\/11\/therapie-287x300.png 287w\" sizes=\"auto, (max-width: 662px) 100vw, 662px\" \/><\/figure>\n<\/div>\n\n\n<p class=\"has-text-align-center\" style=\"font-size:14px;line-height:0\"> <strong><span style=\"color:#b10061\" class=\"has-inline-color\">T H E R A P I E<\/span><\/strong> <\/p>\n\n\n<p class=\"fonts-plugin-block \" style=\"font-size: 18px;color: #000000\">Jede Routinebehandlung oder Schmerztherapie wird professionell und auf aktuellem Forschungsstand angewendet. Au\u00dferdem betreiben wir auch Hom\u00f6opathie. Klassische EKG-\u00dcberwachungen, Zahnbehandlungen und chirurgische Eingriffe, wie z. B. Kastrationen geh\u00f6ren dabei ebenso zu unserem Leistungsspektrum. Wir betreuen Ihr Tier individuell w\u00e4hrend des Heilungsprozesses. \u00a0<\/p><\/div>\n\n\n\n<div class=\"wp-block-column is-layout-flow wp-block-column-is-layout-flow\" style=\"padding-top:0px;padding-right:0px;padding-bottom:0px;padding-left:0px\"><div class=\"wp-block-image\">\n<figure class=\"aligncenter size-full is-resized\"><img loading=\"lazy\" decoding=\"async\" width=\"662\" height=\"691\" src=\"http:\/\/tierarztpraxis-sonntag-trebbin.de\/wp-content\/uploads\/2021\/11\/service.png\" alt=\"Bild Nofalkoffer\" class=\"wp-image-962\" style=\"width:150px;height:undefinedpx\" srcset=\"http:\/\/tierarztpraxis-sonntag-trebbin.de\/wp-content\/uploads\/2021\/11\/service.png 662w, http:\/\/tierarztpraxis-sonntag-trebbin.de\/wp-content\/uploads\/2021\/11\/service-287x300.png 287w\" sizes=\"auto, (max-width: 662px) 100vw, 662px\" \/><\/figure>\n<\/div>\n\n\n<p class=\"has-text-align-center\" style=\"font-size:14px;line-height:0\"> <strong><span style=\"color:#b10061\" class=\"has-inline-color\">S E R V I C E<\/span><\/strong> <\/p>\n\n\n<p class=\"fonts-plugin-block \" style=\"font-size: 18px;color: #000000\">Die Gesundheit Ihrer Haustiere steht bei uns an erster Stelle. Ob Ern\u00e4hrungsberatung oder Impferinnerungen \u2013 uns ist das Tierwohl wichtig! Gerne beraten wir Sie bei der Pflege Ihres Tieres oder z. B. bei einem Welpenkauf bzw. einer anstehenden Auslandsreise.  Sie stellen die Fragen und wir haben die Antworten!<br>F\u00fcr Notf\u00e4lle und Hausbesuche sind wir f\u00fcr Sie erreichbar.<\/p><\/div>\n<\/div>\n<\/div><\/div>\n\n\n\n<div class=\"wp-block-cover alignfull is-light\"><span aria-hidden=\"true\" class=\"wp-block-cover__background has-background-dim-100 has-background-dim\" style=\"background-color:#eaeaea\"><\/span><div class=\"wp-block-cover__inner-container is-layout-flow wp-block-cover-is-layout-flow\">\n<div style=\"height:10px\" aria-hidden=\"true\" class=\"wp-block-spacer\"><\/div>\n\n\n<p class=\"fonts-plugin-block \" style=\"font-family: PT Serif;font-weight: 400;font-size: 45px;line-height: 1;text-align: center;color: #000000\">Unsere Sprechzeiten<\/p>\n\n\n<p class=\"has-text-align-center has-small-font-size\"><mark style=\"background-color:rgba(0, 0, 0, 0)\" class=\"has-inline-color has-black-color\">Sprechzeiten ohne Termin<\/mark><\/p>\n\n\n\n<figure class=\"wp-block-table is-style-stripes\"><table class=\"has-black-color has-text-color has-fixed-layout\"><thead><tr><th class=\"has-text-align-center\" data-align=\"center\">T<\/th><th class=\"has-text-align-center\" data-align=\"center\">VM<\/th><th class=\"has-text-align-center\" data-align=\"center\">NM<\/th><\/tr><\/thead><tbody><tr><td class=\"has-text-align-center\" data-align=\"center\">MO<\/td><td class=\"has-text-align-center\" data-align=\"center\"><\/td><td class=\"has-text-align-center\" data-align=\"center\">16-18 Uhr<\/td><\/tr><tr><td class=\"has-text-align-center\" data-align=\"center\">DI<\/td><td class=\"has-text-align-center\" data-align=\"center\">10-12 Uhr<\/td><td class=\"has-text-align-center\" data-align=\"center\">16-18 Uhr<\/td><\/tr><tr><td class=\"has-text-align-center\" data-align=\"center\">MI<\/td><td class=\"has-text-align-center\" data-align=\"center\"><\/td><td class=\"has-text-align-center\" data-align=\"center\">16-18 Uhr<\/td><\/tr><tr><td class=\"has-text-align-center\" data-align=\"center\">DO<\/td><td class=\"has-text-align-center\" data-align=\"center\"><\/td><td class=\"has-text-align-center\" data-align=\"center\">17-20 Uhr<\/td><\/tr><tr><td class=\"has-text-align-center\" data-align=\"center\">FR<\/td><td class=\"has-text-align-center\" data-align=\"center\">10-12 Uhr<\/td><td class=\"has-text-align-center\" data-align=\"center\"><\/td><\/tr><tr><td class=\"has-text-align-center\" data-align=\"center\">SA<\/td><td class=\"has-text-align-center\" data-align=\"center\">nach Vereinbarung<\/td><td class=\"has-text-align-center\" data-align=\"center\"><\/td><\/tr><\/tbody><\/table><figcaption class=\"wp-element-caption\"><mark style=\"background-color:rgba(0, 0, 0, 0);color:#b10061\" class=\"has-inline-color\"><strong>Ausgenommen sind Notf\u00e4lle und Termine nach Vereinbarung!<\/strong><\/mark> <\/figcaption><\/figure>\n\n\n\n<p class=\"has-text-align-center has-small-font-size\"><mark style=\"background-color:rgba(0, 0, 0, 0)\" class=\"has-inline-color has-black-color\">Um unn\u00f6tige Wartezeiten zu verhindern, rufen Sie uns bitte an!<\/mark><br><mark style=\"background-color:rgba(0, 0, 0, 0)\" class=\"has-inline-color has-black-color\">Wir nehmen uns ausreichend Zeit f\u00fcr eine individuelle Untersuchung.<\/mark><\/p>\n<\/div><\/div>\n\n\n\n<div style=\"height:20px\" aria-hidden=\"true\" class=\"wp-block-spacer\"><\/div>\n\n\n\n<div class=\"wp-block-cover is-light\"><span aria-hidden=\"true\" class=\"wp-block-cover__background has-white-background-color has-background-dim-100 has-background-dim\"><\/span><div class=\"wp-block-cover__inner-container is-layout-flow wp-block-cover-is-layout-flow\"><p class=\"fonts-plugin-block \" style=\"font-family: PT Serif;font-weight: 400;font-size: 45px;line-height: 1;text-align: center;color: #000000\">Unsere Philosophie<\/p>\n\n<div class=\"wp-block-image\">\n<figure class=\"aligncenter size-full is-resized\"><img loading=\"lazy\" decoding=\"async\" width=\"662\" height=\"662\" src=\"http:\/\/tierarztpraxis-sonntag-trebbin.de\/wp-content\/uploads\/2022\/01\/icon-philo2.png\" alt=\"Bild Herz mit Hand\" class=\"wp-image-1155\" style=\"width:150px;height:undefinedpx\" srcset=\"http:\/\/tierarztpraxis-sonntag-trebbin.de\/wp-content\/uploads\/2022\/01\/icon-philo2.png 662w, http:\/\/tierarztpraxis-sonntag-trebbin.de\/wp-content\/uploads\/2022\/01\/icon-philo2-300x300.png 300w, http:\/\/tierarztpraxis-sonntag-trebbin.de\/wp-content\/uploads\/2022\/01\/icon-philo2-150x150.png 150w\" sizes=\"auto, (max-width: 662px) 100vw, 662px\" \/><\/figure>\n<\/div>\n\n\n<p class=\"has-text-align-center has-black-color has-text-color has-small-font-size\">Wir behandeln Ihr Lieblingstier mit ruhigen H\u00e4nden, gr\u00fcndlicher Diagnose und liebevoller Zuneigung.<br>Wir nehmen uns Zeit f\u00fcr eine Individuelle Beratung und sollten wir nicht mehr weiterwissen \u2013 wir \u00fcberweisen Sie an weitere Spezialisten!<\/p>\n<\/div><\/div>\n\n\n\n<div class=\"wp-block-cover alignfull\"><span aria-hidden=\"true\" class=\"wp-block-cover__background has-background-dim-100 has-background-dim\" style=\"background-color:#b10061\"><\/span><div class=\"wp-block-cover__inner-container is-layout-flow wp-block-cover-is-layout-flow\"><p class=\"fonts-plugin-block \" style=\"font-family: PT Serif;font-weight: 400;font-size: 45px;line-height: 1;text-align: center;color: #FFFFFF\">Kontaktieren Sie uns!<\/p>\n\n<div class=\"wp-block-image is-style-rounded\">\n<figure class=\"aligncenter size-full is-resized\"><img loading=\"lazy\" decoding=\"async\" width=\"662\" height=\"662\" src=\"http:\/\/tierarztpraxis-sonntag-trebbin.de\/wp-content\/uploads\/2022\/01\/icon-kontakt.png\" alt=\"Bild mit Telefon und Brief\" class=\"wp-image-1147\" style=\"width:150px;height:undefinedpx\" srcset=\"http:\/\/tierarztpraxis-sonntag-trebbin.de\/wp-content\/uploads\/2022\/01\/icon-kontakt.png 662w, http:\/\/tierarztpraxis-sonntag-trebbin.de\/wp-content\/uploads\/2022\/01\/icon-kontakt-300x300.png 300w, http:\/\/tierarztpraxis-sonntag-trebbin.de\/wp-content\/uploads\/2022\/01\/icon-kontakt-150x150.png 150w\" sizes=\"auto, (max-width: 662px) 100vw, 662px\" \/><\/figure>\n<\/div>\n\n\n<h6 class=\"wp-block-heading has-text-align-center\" id=\"rufen-sie-an\">RUFEN SIE AN<\/h6>\n\n\n<p class=\"fonts-plugin-block \" style=\"font-family: PT Serif;font-size: 45px;line-height: 1;text-align: center\">+49 33 731 80 365<br><\/p>\n\n\n<div style=\"height:30px\" aria-hidden=\"true\" class=\"wp-block-spacer\"><\/div>\n\n\n<div class=\"wp-block-image is-style-rounded\">\n<figure class=\"aligncenter size-full is-resized\"><img loading=\"lazy\" decoding=\"async\" width=\"662\" height=\"662\" src=\"http:\/\/tierarztpraxis-sonntag-trebbin.de\/wp-content\/uploads\/2022\/01\/icon-praxis-1.png\" alt=\"Bild Haus mit Arztsymbol\" class=\"wp-image-1148\" style=\"width:150px;height:undefinedpx\" srcset=\"http:\/\/tierarztpraxis-sonntag-trebbin.de\/wp-content\/uploads\/2022\/01\/icon-praxis-1.png 662w, http:\/\/tierarztpraxis-sonntag-trebbin.de\/wp-content\/uploads\/2022\/01\/icon-praxis-1-300x300.png 300w, http:\/\/tierarztpraxis-sonntag-trebbin.de\/wp-content\/uploads\/2022\/01\/icon-praxis-1-150x150.png 150w\" sizes=\"auto, (max-width: 662px) 100vw, 662px\" \/><\/figure>\n<\/div>\n\n\n<h6 class=\"wp-block-heading has-text-align-center\" id=\"unsere-praxis-befindet-sich-hier\">UNSERE PRAXIS BEFINDET SICH HIER<\/h6>\n\n\n<p class=\"fonts-plugin-block \" style=\"font-family: PT Serif;font-size: 45px;line-height: 1.5;text-align: center\">Weinberg 10, 14959 Trebbin<\/p><\/div><\/div>\n\n\n\n<div style=\"height:30px\" aria-hidden=\"true\" class=\"wp-block-spacer\"><\/div>\n\n\n\n<p class=\"has-text-align-center has-extra-small-font-size\"><a href=\"http:\/\/tierarztpraxis-sonntag-trebbin.de\/impressum\/\" data-type=\"URL\" data-id=\"http:\/\/tierarztpraxis-sonntag-trebbin.de\/impressum\/\" target=\"_blank\" rel=\"noreferrer noopener\">Impressum<\/a><br><a href=\"http:\/\/tierarztpraxis-sonntag-trebbin.de\/datenschutz\/\" data-type=\"URL\" data-id=\"http:\/\/tierarztpraxis-sonntag-trebbin.de\/datenschutz\/\" target=\"_blank\" rel=\"noreferrer noopener\">Datenschutz<\/a><\/p>\n\n\n\n<p class=\"has-text-align-center has-extra-small-font-size\">\u00a9 2022<\/p>\n\n\n\n<div style=\"height:30px\" aria-hidden=\"true\" class=\"wp-block-spacer\"><\/div>\n","protected":false},"excerpt":{"rendered":"<p>ImpressumDatenschutz \u00a9 2022<\/p>\n","protected":false},"author":1,"featured_media":0,"parent":0,"menu_order":0,"comment_status":"closed","ping_status":"closed","template":"blank-slate-template.php","meta":{"footnotes":""},"class_list":["post-907","page","type-page","status-publish","hentry","entry"],"_links":{"self":[{"href":"http:\/\/tierarztpraxis-sonntag-trebbin.de\/Home\/startseite\/wp-json\/wp\/v2\/pages\/907","targetHints":{"allow":["GET"]}}],"collection":[{"href":"http:\/\/tierarztpraxis-sonntag-trebbin.de\/Home\/startseite\/wp-json\/wp\/v2\/pages"}],"about":[{"href":"http:\/\/tierarztpraxis-sonntag-trebbin.de\/Home\/startseite\/wp-json\/wp\/v2\/types\/page"}],"author":[{"embeddable":true,"href":"http:\/\/tierarztpraxis-sonntag-trebbin.de\/Home\/startseite\/wp-json\/wp\/v2\/users\/1"}],"replies":[{"embeddable":true,"href":"http:\/\/tierarztpraxis-sonntag-trebbin.de\/Home\/startseite\/wp-json\/wp\/v2\/comments?post=907"}],"version-history":[{"count":270,"href":"http:\/\/tierarztpraxis-sonntag-trebbin.de\/Home\/startseite\/wp-json\/wp\/v2\/pages\/907\/revisions"}],"predecessor-version":[{"id":1377,"href":"http:\/\/tierarztpraxis-sonntag-trebbin.de\/Home\/startseite\/wp-json\/wp\/v2\/pages\/907\/revisions\/1377"}],"wp:attachment":[{"href":"http:\/\/tierarztpraxis-sonntag-trebbin.de\/Home\/startseite\/wp-json\/wp\/v2\/media?parent=907"}],"curies":[{"name":"wp","href":"https:\/\/api.w.org\/{rel}","templated":true}]}}